2)) even?
False
Suppose 0 = 5*b - m - m - 22, -4*b + 36 = 3*m. Is b a multiple of 3?
True
Let g be 2/(-6) + (-41)/3. Let k = 1 - g. Is k a multiple of 5?
True
Let i(l) = -2*l**3 - 4*l**2 + 3*l. Is 21 a factor of i(-4)?
False
Let f be -2 - 5/((-5)/26). Let w be (-2)/((-110)/(-35) + -3). Let n = f + w. Is n a multiple of 10?
True
Suppose -m - 80 = -4*w + m, -28 = -2*w - 2*m. Let j be -3 + w/(-4)*-2. Is 11 a factor of ((-8)/j)/((-1)/15)?
False
Let y(a) = a**3 - 3*a**2 - 6*a + 6. Let i = -7 + 11. Let n be y(i). Is (33/(-6))/(1/n) a multiple of 11?
True
Let n(v) = -2*v - 2. Let i be n(-2). Suppose 2*b + 0 = i. Does 5 divide 16 + (b - -1)/(-1)?
False
Let x(y) be the second derivative of y**5/20 + y**4/4 + y**3/3 - 3*y**2/2 + 3*y. Let k be x(-3). Let c = k + 16. Is 4 a factor of c?
False
Suppose -4*b = -3*x - 9, -2*b + 6 = 3*x + 15. Suppose b = -4*n + 64 + 80. Is n a multiple of 18?
True
Suppose 0 = 14*i - 17*i + 969. Is i a multiple of 25?
False
Let x(o) = -o**3 + 6*o**2 + 3*o + 8. Let l be x(6). Let h = l + -18. Is 8 a factor of h?
True
Let y(b) = b**3 + 12*b**2 - 14*b - 5. Let q be y(-13). Does 11 divide 3 + (3 - q) - -54?
False
Is -1*20/(-15)*33 a multiple of 24?
False
Suppose -5*j - 309 = f, 3*f = 3*j - 2*f + 191. Let y = j - -99. Is y a multiple of 7?
False
Suppose -2*c = -c + 1. Let f = 4 - c. Is 2/(-4)*f*-10 a multiple of 13?
False
Let d(a) = 1 - 1 + 1 - 5*a**3 - a**2. Let x be d(1). Is (-2)/x - 324/(-15) a multiple of 8?
False
Let j(c) = c**2 - 7*c - 8. Let n be j(8). Let g(b) = 0*b - 3*b - 1 + 3*b**2 + n*b. Does 19 divide g(4)?
False
Let h(q) = -q**3 - 5*q**2 + 2*q + 4. Suppose -4*j - 10 = -2*j. Let v be h(j). Let f(l) = l**3 + 5*l**2 - 8*l - 2. Is f(v) a multiple of 10?
True
Let m(q) = -2*q. Let b be m(-8). Let t = b - 6. Is 3 a factor of t?
False
Let v be (1 + -3)/(-2) + 3. Suppose 5*p + v*b - 181 = 112, 2*p - b = 112. Is p a multiple of 20?
False
Suppose -3*m = 5*u - 54, 3*m = 3*u + m - 40. Is 12 a factor of u?
True
Suppose -20*h = -15*h - 320. Does 29 divide h?
False
Let d = 158 + -100. Suppose 18 = -4*k - d. Let f = 5 - k. Is 12 a factor of f?
True
Is 8 a factor of ((-32)/10)/(0 - 4/80)?
True
Let t = 11 - 1. Is t even?
True
Let y(m) = m**3 + 12*m**2 + 10*m + 3. Does 10 divide y(-11)?
False
Suppose 0 = 2*h - 6. Is 31 + 8/(-12)*h a multiple of 10?
False
Suppose -196 = -5*a + a. Let p(k) = -k**2 + 4. Let d be p(6). Let l = d + a. Is 8 a factor of l?
False
Suppose w - 9 = 7. Does 4 divide w?
True
Let v = 27 + 0. Is v a multiple of 8?
False
Let r = 20 - 25. Is 15 a factor of r - 2/(-1) - -21?
False
Let j be 234 - 16/12*-3. Suppose -5*t + j = -3*t. Does 29 divide t?
False
Suppose -3*b - 5*z + 833 = -z, 1385 = 5*b + 5*z. Is b a multiple of 19?
False
Suppose 4*n = -2 - 22. Let b(u) = -u**2 - 14*u - 8. Does 26 divide b(n)?
False
Suppose -2*x - x - 18 = 0. Let k = 6 + x. Suppose k = -m - 0*m + 7. Is m a multiple of 7?
True
Suppose -3*d - 18 = -498. Does 33 divide d?
False
Let k be (-216)/20 + (-2)/10. Let u = -5 - k. Let h(b) = -b**3 + 7*b**2 - 4*b + 7. Is h(u) a multiple of 10?
False
Suppose 0*u + u + 85 = f, 0 = f - 4*u - 79. Does 23 divide f?
False
Suppose -95 = -3*u + a + 3*a, -124 = -4*u + 4*a. Suppose -51 = 5*g + 4. Let i = u + g. Is i a multiple of 15?
False
Suppose -2*w + 0*w = -10. Suppose 0 = -c + w*c - 20. Let n = 11 - c. Is 4 a factor of n?
False
Let b(j) = -3*j - 9. Let q = -9 + 3. Does 9 divide b(q)?
True
Suppose 0 = 16*l - 13*l - 84. Does 14 divide l?
True
Let s(c) = -2 + 7*c**2 - c**2 - 3*c**2. Suppose -3*o + 15 = 0, 0*v + 3*o = 3*v + 21. Is 4 a factor of s(v)?
False
Let n(c) = 4*c + 34*c**2 + 0*c - 3*c. Is 12 a factor of n(-1)?
False
Let x(b) = -8*b - 10. Let r be x(-7). Let a = 84 - r. Is a a multiple of 19?
True
Suppose -2*u = -z + 7, 3*z - 51 = -2*z + 2*u. Is 2 a factor of z?
False
Let l = -4 - -10. Suppose -l*a + a = -170. Is 9 a factor of a?
False
Suppose -60*w + 57*w = -9. Does 2 divide w?
False
Let t be 7/2 + 2/4. Suppose 4*f + 28 = 2*r, -f + 6*f = -3*r - 13. Suppose -o = t*x + 2*o - 23, r*o = x + 18. Does 2 divide x?
True
Let s(k) = k**2 - 5*k + 3. Let u be s(4). Let n(p) be the second derivative of -11*p**3/6 - p. Is n(u) a multiple of 7?
False
Let a = 3 - -6. Let v be (-1)/((-3)/a) - 3. Is -1*((-9)/3 - v) a multiple of 2?
False
Suppose 4*i - 5*w - 35 = 33, -5*w - 80 = -5*i. Suppose 2*d + 0*d + 8 = 0. Is (d/(-3) + 0)*i a multiple of 10?
False
Let a(u) = 5*u + 41. Suppose 0 = d - 3 - 3. Let r(w) = w + 7. Let o(f) = d*a(f) - 34*r(f). Is o(-6) a multiple of 16?
True
Let t be 7/(28/120) + 3. Suppose c - z - t = 4*z, 2*c + 2*z - 54 = 0. Is 8 a factor of c?
False
Let o = 4 + -3. Let f = o - 0. Does 4 divide 10 + 2 + f + -4?
False
Suppose 3*c = 4*c - 30. Does 30 divide c?
True
Suppose 18 = 3*x - 9. Let b(p) = -6*p - 4 - x*p**2 - 4 - p**3 + 3*p**2. Does 14 divide b(-6)?
True
Let x(f) = -f**3 - 9*f**2 + 9*f - 6. Let y be x(-10). Let h(s) = 5*s. Is 10 a factor of h(y)?
True
Let n be ((-20)/15)/(2/(-6)). Suppose -n*j + 55 = u, -2*u - 3*u = -4*j + 61. Is 14 a factor of j?
True
Suppose 167 = 4*c + 4*k + 35, 3*c - 103 = -4*k. Does 27 divide c?
False
Is ((-6)/4)/((-6)/172) a multiple of 41?
False
Suppose -5*n - 90 = -10*n. Is n a multiple of 10?
False
Suppose -1008 = -7*x - 11*x. Is 8 a factor of x?
True
Let t(n) = n - 1. Let u be t(1). Suppose -21 = 2*x - 3*x - v, u = -4*x + 4*v + 84. Is x a multiple of 6?
False
Suppose 3*k = -k + 132. Suppose 0 = 5*j + 3*y - 5*y - k, -j - 4*y + 11 = 0. Is j a multiple of 2?
False
Does 26 divide 2489/95 - 1/5?
True
Let u = 31 - 11. Is 6 a factor of u?
False
Let i = -11 + 30. Is i a multiple of 5?
False
Suppose 2*s - 4*s + 2*z + 4 = 0, 5*s + 2*z - 38 = 0. Does 10 divide 4/s + (-580)/(-30)?
True
Let u be -3 + 1 + (-48)/(-3). Let y = u + 10. Does 13 divide y?
False
Suppose 0 = -5*z + 13 + 2. Suppose -5*a - 119 = -7*d + z*d, 0 = 4*a + 12. Is d a multiple of 26?
True
Let x(c) = c**2 - 6*c + 5. Let w be x(5). Suppose -s - 14 = -4*y - w*s, 0 = -2*y + 2*s + 10. Let f(o) = o**2 + 3*o - 4. Does 7 divide f(y)?
True
Does 13 divide 4 - 2*(-417)/6?
True
Suppose -4*g - 4*l = -5 - 3, g - 2 = -5*l. Let z be 8/(-10) - (-1)/(-5). Does 6 divide (3/g)/(z/(-4))?
True
Let d = 58 - 14. Does 4 divide d?
True
Let q = 31 + -20. Is 3 a factor of q?
False
Suppose 0*x - 2*x = 2*l, 2*l - 14 = 5*x. Suppose 20 = 3*c + l*c. Suppose c*r - 11 = -3, 55 = 3*g + 5*r. Is 12 a factor of g?
False
Does 13 divide 17/(-2)*(11 + -23)?
False
Let m = 3 - 0. Is 3 a factor of (-10)/(-7)*21/m?
False
Let j = 46 - 28. Is 8 a factor of j?
False
Let z be (-2 - -6) + -2 + 0. Let m be ((-1)/z)/((-4)/176). Suppose -5*w = -m - 108. Does 15 divide w?
False
Suppose 0 = 5*p - 10 - 0. Suppose 4*x - 5*b - 173 = 0, 18 = -p*x + 4*b + 106. Is x a multiple of 21?
True
Let o = 21 + -17. Suppose -o*d = 6*s - s - 70, -3*s - 6 = 0. Is 4 a factor of d?
True
Suppose -9 = -5*r - 3*u, 2*u - 3 = 2*r + u. Suppose 5*j = 2*s - 179, r = 3*s + j - 5*j - 251. Is 18 a factor of s?
False
Let k(b) = b**3 + 14*b**2 - 18*b - 10. Is k(-15) a multiple of 7?
True
Suppose -32 - 38 = -2*c. Is 15 a factor of c?
False
Let l(x) = -56*x**2 + x. Let c be l(1). Let b = -95 - c. Let h = b + 71. Is 11 a factor of h?
False
Let p be -1*(-14)/3*-18. Let v = 147 + p. Suppose 5*a - v = -b, 4*a - 5*b - 11 - 22 = 0. Does 4 divide a?
True
Let w(t) = -7*t**3 - t**2 - 2*t + 1. Let s(g) = 6*g**3 + 2*g - 1. Let c(f) = 3*s(f) + 2*w(f). Suppose -5*h = -3 - 7. Is 9 a factor of c(h)?
True
Let o be 3 + 2/(-4)*-2. Let s = o - 6. Does 4 divide 4/(1 - s/(-4))?
True
Suppose -9*r + 16*r - 196 = 0. Is r even?
True
Let o(a) = -6*a - 2. Suppose -5*l + 3 = 13. Let g be o(l). Let c = 2 + g. Does 12 divide c?
True
Let v(d) = d**3 - 15*d**2 + 12. Does 3 divide v(15)?
True
Suppose 0 = 2*g - 14 - 18. Suppose 3*w + 7 = 2*f - 7, 2*f - g = 4*w. Is f even?
True
Suppose 28 + 4 = 4*i. Let g = i + -14. Is (2/g)/(1/(-51)) a multiple of 5?
False
Let n(r) = -r + 2. Let c be n(-3). Suppose -3 = -d + 5*d + 5*w, -5*w = c*d. Is d + 1/(1/9) a multiple of 6?
True
Let h(f) = f**3 - 11*f**2 - 6*f - 22. Is h(12) a multiple of 7?
False
Let g(o) = 14*o**2 + 3*o + 3. Let q be g(-2). Let c = -29 + q. Is 12 a factor of c?
True
Let f(n) = n - 2. Let h be f(4). Suppose -h*w + 4*w + 4 = -2*l, 4*w = 4*l - 8. Suppose 4*r - 4 - 84 = l. Does 17 divide r?
